{"id":324,"date":"2024-03-02T12:11:39","date_gmt":"2024-03-02T12:11:39","guid":{"rendered":"https:\/\/enricgine.com\/?page_id=324"},"modified":"2024-09-12T11:47:42","modified_gmt":"2024-09-12T11:47:42","slug":"analisi-per-un-mon-millor-2","status":"publish","type":"page","link":"https:\/\/enricgine.com\/?page_id=324","title":{"rendered":"Descripci\u00f3 Llibre de l&#8217;Enric !"},"content":{"rendered":"\n<p class=\"has-text-align-center\"><strong>Versi\u00f3 Catalana<\/strong><\/p>\n\n\n<div class=\"wp-block-image\">\n<figure class=\"aligncenter size-large is-resized\"><img loading=\"lazy\" decoding=\"async\" width=\"722\" height=\"1024\" src=\"https:\/\/enricgine.com\/wp-content\/uploads\/2024\/09\/Portada-Catala-acoplat-2-768x1090-1-722x1024.jpg\" alt=\"\" class=\"wp-image-428\" style=\"width:462px;height:auto\" srcset=\"https:\/\/enricgine.com\/wp-content\/uploads\/2024\/09\/Portada-Catala-acoplat-2-768x1090-1-722x1024.jpg 722w, https:\/\/enricgine.com\/wp-content\/uploads\/2024\/09\/Portada-Catala-acoplat-2-768x1090-1-211x300.jpg 211w, https:\/\/enricgine.com\/wp-content\/uploads\/2024\/09\/Portada-Catala-acoplat-2-768x1090-1-768x1090.jpg 768w, https:\/\/enricgine.com\/wp-content\/uploads\/2024\/09\/Portada-Catala-acoplat-2-768x1090-1-1083x1536.jpg 1083w, https:\/\/enricgine.com\/wp-content\/uploads\/2024\/09\/Portada-Catala-acoplat-2-768x1090-1-1444x2048.jpg 1444w, https:\/\/enricgine.com\/wp-content\/uploads\/2024\/09\/Portada-Catala-acoplat-2-768x1090-1.jpg 1748w\" sizes=\"(max-width: 722px) 100vw, 722px\" \/><\/figure><\/div>\n\n\n<p class=\"has-text-align-center\"><strong>Aqu\u00ed baix, tens el n\u00famero d&#8217;ISBN<\/strong><\/p>\n\n\n<div class=\"wp-block-image\">\n<figure class=\"aligncenter size-full is-resized\"><img loading=\"lazy\" decoding=\"async\" width=\"446\" height=\"165\" src=\"https:\/\/enricgine.com\/wp-content\/uploads\/2023\/11\/D29A4045-8FC1-4BD6-B8BA-D07781EB006F-4.jpg\" alt=\"\" class=\"wp-image-20\" style=\"width:324px;height:auto\" srcset=\"https:\/\/enricgine.com\/wp-content\/uploads\/2023\/11\/D29A4045-8FC1-4BD6-B8BA-D07781EB006F-4.jpg 446w, https:\/\/enricgine.com\/wp-content\/uploads\/2023\/11\/D29A4045-8FC1-4BD6-B8BA-D07781EB006F-4-300x111.jpg 300w\" sizes=\"(max-width: 446px) 100vw, 446px\" \/><\/figure><\/div>\n\n\n<p>&nbsp;&nbsp;&nbsp;&nbsp;&nbsp;&nbsp;&nbsp;&nbsp;&nbsp;&nbsp;&nbsp;&nbsp;&nbsp;&nbsp;&nbsp;&nbsp;&nbsp;&nbsp; Hola, la meva intenci\u00f3 \u00e9s com puc contribuir o ajudar, o donar algunes idees o estrat\u00e8gies, per poder redre\u00e7ar la societat on vivim.<\/p>\n\n\n\n<p>&nbsp;&nbsp;&nbsp;&nbsp;&nbsp;&nbsp;&nbsp;&nbsp;&nbsp;&nbsp;&nbsp;&nbsp;&nbsp;&nbsp;&nbsp;&nbsp; S\u00f3c m\u00fasic i tamb\u00e9 he escrit dos llibres el primer que \u00e9s en Catal\u00e0 i el segon \u00e9s en Castell\u00e0 es tracta del mateix tema, i aquest \u00e9s una an\u00e0lisi molt profund, que faig de la societat en qu\u00e8 vivim, i aquest \u00e9s el motiu, del perqu\u00e8 contacte amb tu i per aix\u00f2 et donar\u00e9 un resum, que et dono a continuaci\u00f3<\/p>\n\n\n\n<p>1) Una realitat \u00e9s que el 99 % de la riquesa que existeix al m\u00f3n est\u00e0 en mans de nom\u00e9s l&#8217;1 %<\/p>\n\n\n\n<p>2) Hi ha 25 milions de persones que moren de gana cada any, i un 25% s\u00f3n nens.<\/p>\n\n\n\n<p>3) A m\u00e9s hi ha 850 milions de persones al m\u00f3n que es fiquen al llit cada dia, passant gana.<\/p>\n\n\n\n<p>4) Tenim el 2017 una despesa militar de 1 730 000 000 000 \u20ac. \u00bfCom podem permetre aquesta aberraci\u00f3 tan gran?<\/p>\n\n\n\n<p>5) Hem tingut i tenim guerres, on la gent es maten, passen mis\u00e8ria, gana i patiment, per a benefici dels prove\u00efdors d&#8217;armaments i altres.<\/p>\n\n\n\n<p>6) La relaci\u00f3 que tenim entre Catalunya i Espanya \u00e9s deplorable, la cultura catalana est\u00e0 en cam\u00ed d\u2019extinci\u00f3.<\/p>\n\n\n\n<p>\u00a0\u00a0\u00a0\u00a0\u00a0\u00a0\u00a0\u00a0\u00a0\u00a0\u00a0\u00a0\u00a0\u00a0\u00a0\u00a0\u00a0\u00a0 Aquestes sis realitats, son els que m \u2019fet escriure el meu llibre, si tu est\u00e0s d\u2019acord, i vols contribu\u00ed a fer un mon millor, podries unir-te, amb aquesta tasca, i junts poder fer un m\u00f3n millor.<\/p>\n\n\n\n<p>\u00a0\u00a0\u00a0\u00a0\u00a0\u00a0\u00a0\u00a0\u00a0\u00a0\u00a0\u00a0\u00a0\u00a0\u00a0\u00a0\u00a0\u00a0 B\u00e9, el meu llibre, est\u00e0 a la venda, i podria ser que hi estiguis interessat, \u00e9s un llibre que parlo de molts temes, i vist obligat a descriure tots els temes que analitzo, perqu\u00e8 tinguis una idea, de la disparitat de temes, que van des d&#8217;una simplicitat, a una molt profunda an\u00e0lisi, aix\u00ed \u00e9s aquest llibre, el llibre t\u00e9 quatre parts<\/p>\n\n\n\n<p>La primera part del llibre, la anomeno<\/p>\n\n\n\n<p><strong>\u00abAn\u00e0lisi per a un m\u00f3n millor\u00bb<\/strong><\/p>\n\n\n\n<p>&nbsp;&nbsp;&nbsp;&nbsp;&nbsp;&nbsp;&nbsp;&nbsp;&nbsp;&nbsp;&nbsp;&nbsp;&nbsp;&nbsp;&nbsp;&nbsp;&nbsp;&nbsp; I en aquest an\u00e0lisi veig que la societat on vivim va cap al caos i la destrucci\u00f3 del planeta, ens est\u00e0 arru\u00efnant, tant econ\u00f2micament com f\u00edsic, moral i aniquilant-nos, tant com a \u00e9ssers humans, i com tamb\u00e9 el clima, o el planeta on vivim, aqu\u00ed hi ha els temes que analitzo.<\/p>\n\n\n\n<p><strong>\u00bfQui som?<\/strong><\/p>\n\n\n\n<p>1 Una baula de l&#8217;Univers<\/p>\n\n\n\n<p>2 Hist\u00f2ria de la humanitat<\/p>\n\n\n\n<p>3 Definici\u00f3 d&#8217;ambient<\/p>\n\n\n\n<p>4 Paral\u00b7lelisme dels 10 Manaments<\/p>\n\n\n\n<p>5 Definici\u00f3 de Norma<\/p>\n\n\n\n<p>6 Definici\u00f3 de l&#8217;ab\u00fas<\/p>\n\n\n\n<p>7 Abolici\u00f3 de l&#8217;ab\u00fas<\/p>\n\n\n\n<p>8 La democr\u00e0cia est\u00e0 al l\u00edmit de la seva superviv\u00e8ncia?<\/p>\n\n\n\n<p>9 Bondat i Maldat<\/p>\n\n\n\n<p>10 Constituci\u00f3 d&#8217;una plataforma o Organitzaci\u00f3 Mundial<\/p>\n\n\n\n<p>11 Estrat\u00e8gies Priorit\u00e0ries Urgents<\/p>\n\n\n\n<p>12 Formes de Govern<\/p>\n\n\n\n<p>13 Creaci\u00f3 de Cultures o Regions i canvi pol\u00edtic per Professional<\/p>\n\n\n\n<p>14 Estrat\u00e8gies de Canvi Energia<\/p>\n\n\n\n<p>15 Estrat\u00e8gia dels Deserts<\/p>\n\n\n\n<p>16 El Plaer Biol\u00f2gic<\/p>\n\n\n\n<p>17 El Plaer Social, influ\u00e8ncia<\/p>\n\n\n\n<p>18 El Plaer Reset, i comen\u00e7ar de nou<\/p>\n\n\n\n<p>19 Grups de Fam\u00edlia<\/p>\n\n\n\n<p>20 Estrat\u00e8gies de l&#8217;ambient<\/p>\n\n\n\n<p>21 Conclusi\u00f3<\/p>\n\n\n\n<p>La segona part del llibre consta de<\/p>\n\n\n\n<p><strong>\u201cRaonaments, Reflexions i An\u00e0lisis \u00e8tiques\u201d<\/strong><\/p>\n\n\n\n<p>\u00a0\u00a0\u00a0\u00a0\u00a0\u00a0\u00a0\u00a0\u00a0\u00a0\u00a0\u00a0\u00a0\u00a0\u00a0\u00a0\u00a0\u00a0 Aqu\u00ed veur\u00e0s una varietat de temes que estic segur que et poden ser interessant, com ara el problema de l&#8217;eternitat, o qu\u00e8 \u00e9s l&#8217;univers?, que va ser un martiri, per mi, quan jo era molt jove, i no em deixava ni dormir, afortunadament vaig trobar una soluci\u00f3, que la descric al llibre, i aqu\u00ed tens els temes que reflexiono, i analitzo.<\/p>\n\n\n\n<p>1 Valors i controls de la Conducta<\/p>\n\n\n\n<p>2 Racisme, Discriminaci\u00f3, Igualtat i Feminisme<\/p>\n\n\n\n<p>3 El Llenguatge Numeral o Matem\u00e0tic<\/p>\n\n\n\n<p>4 Casualitat \u2013 Sort<\/p>\n\n\n\n<p>5 Trans Mental de la Consci\u00e8ncia<\/p>\n\n\n\n<p>6 Opinions<\/p>\n\n\n\n<p>7 \u00c9s el Respecte Irrespectu\u00f3s?<\/p>\n\n\n\n<p>8 El problema de l&#8217;eternitat<\/p>\n\n\n\n<p>9 Qu\u00e8 \u00e9s l&#8217;Univers?<\/p>\n\n\n\n<p>La Tercera Part del llibre consta de<\/p>\n\n\n\n<p><strong>\u201cRelaci\u00f3 Pol\u00edtica entre Catalunya i Espanya\u201d<\/strong><\/p>\n\n\n\n<p>&nbsp;&nbsp;&nbsp;&nbsp;&nbsp;&nbsp;&nbsp;&nbsp;&nbsp;&nbsp;&nbsp;&nbsp;&nbsp;&nbsp;&nbsp;&nbsp;&nbsp;&nbsp; B\u00e9, aqu\u00ed potser la part m\u00e9s interessant per a nosaltres que vivim en aquest Pa\u00eds, que \u00e9s la relaci\u00f3 pol\u00edtica, aqu\u00ed dono la meva versi\u00f3 del problema pol\u00edtic Catal\u00e0-Espanyol, faig una mica d&#8217;hist\u00f2ria des de l&#8217;any 878 fins als nostres temps i faig raonaments, reflexions i an\u00e0lisi, per poder solucionar la situaci\u00f3 tan greu que hi ha actualment a la cultura catalana amb el risc de la seva extinci\u00f3, i els temes s\u00f3n els seg\u00fcents.<\/p>\n\n\n\n<p>1 Gr\u00e0cies, amics, per fer cr\u00e9ixer l&#8217;independentisme<\/p>\n\n\n\n<p>2 Depend\u00e8ncia o Independ\u00e8ncia, aquesta \u00e9s la q\u00fcesti\u00f3<\/p>\n\n\n\n<p>3 Els Pecats Capitals de Catalunya<\/p>\n\n\n\n<p>4 Presos i Exiliats Pol\u00edtics<\/p>\n\n\n\n<p>5 Estrat\u00e8gia Pol\u00edtica Catalana-Espanyola<\/p>\n\n\n\n<p>6 Possibles Estrat\u00e8gies<\/p>\n\n\n\n<p>7 Esdeveniments de Catalunya<\/p>\n\n\n\n<p>8 Hist\u00f2ria de Catalunya<\/p>\n\n\n\n<p>La Quarta part del llibre consta de<\/p>\n\n\n\n<p><strong>\u201cLa m\u00fasica de l&#8217;Enric\u201d<\/strong><\/p>\n\n\n\n<p>&nbsp;&nbsp;&nbsp;&nbsp;&nbsp;&nbsp;&nbsp;&nbsp;&nbsp;&nbsp;&nbsp;&nbsp;&nbsp;&nbsp;&nbsp;&nbsp;&nbsp;&nbsp; \u00c9s una mica original, perqu\u00e8 un llibre no \u00e9s una manera d&#8217;escoltar m\u00fasica, per\u00f2 jo he tingut la idea de posar un codi QR, per poder escoltar m\u00fasica si \u00e9s que es te &nbsp;un m\u00f2bil i el llibre.<\/p>\n\n\n\n<p>\u00a0\u00a0\u00a0\u00a0\u00a0\u00a0\u00a0\u00a0\u00a0\u00a0\u00a0\u00a0\u00a0\u00a0\u00a0\u00a0\u00a0\u00a0 Aquesta m\u00fasica s\u00f3n composicions meves, tamb\u00e9 a trav\u00e9s de la meva vida, la primera que vaig compondre, Llibertat, va ser el 1976, quan jo vivia a Dinamarca, com pots veure jo ja era sobiranista, he compost 7 can\u00e7ons, cinc s\u00f3n per a la meva estimada Catalunya , i dues s\u00f3n compostes de la filosofia de tota la meva vida, que \u00e9s <strong>\u201cEstima el teu pro\u00efsme com a tu mateix\u201d<\/strong>, i aix\u00f2 tamb\u00e9 comporta, un canvi de conducta, aquestes can\u00e7ons s\u00f3n <strong>\u201cEstimem se\u201d<\/strong> i <strong>\u201cDespertem se germans\u201d<\/strong>.<\/p>\n\n\n\n<p>Aqu\u00ed a baix pots veure les can\u00e7ons que he compost<\/p>\n\n\n\n<p>1 Llibertat Llibertat Llibertat<\/p>\n\n\n\n<p>2 Dol\u00e7a Catalunya<\/p>\n\n\n\n<p>3 Tossa Bella<\/p>\n\n\n\n<p>4 Pa\u00efsos Catalans<\/p>\n\n\n\n<p>5 El Meu Pa\u00eds<\/p>\n\n\n\n<p>6 Estimem es<\/p>\n\n\n\n<p>7 Despertem se germans<\/p>\n\n\n\n<p><strong>Aqui pots anar al Niu de l\u2019Enric&nbsp;<a href=\"https:\/\/enricgine.cat\/\">https:\/\/enricgine.cat<\/a><\/strong><\/p>\n\n\n\n<p><strong>Si tens un comentari ves a<a href=\"mailto:enric@enricgine.cat\" target=\"_blank\" rel=\"noreferrer noopener\">&nbsp;enric@enricgine.cat<\/a>&nbsp;o&nbsp;<a href=\"https:\/\/enricgine.com\/enric@enricgine.com?customize_changeset_uuid=eca93b25-d793-474c-a29d-8e73d3b5a936\">enric@enricgine.com<\/a><\/strong><\/p>\n\n\n\n<p><strong>Aqu\u00ed a baix pots clicar l&#8217;enlla\u00e7 i pots escoltar, si vols, totes les meves can\u00e7ons<\/strong><\/p>\n\n\n\n<p><strong><a href=\"https:\/\/youtube.com\/playlist?list=PLNJmCHmgrR_VLFmRyKSBclZolEYA7HQ2A\">La m\u00fasica de  l&#8217;Enric<\/a><\/strong><\/p>\n\n\n\n<p><strong>I aqu\u00ed abaix amb aquest  enla\u00e7, pots comprar el meu llibre per Amazon<\/strong><\/p>\n\n\n\n<p><a href=\"https:\/\/libros.cc\/Analisis-para-un-mundo-mejor.htm?isbn=9788411598330\">https:\/\/libros.cc\/Analisis-para-un-mundo-mejor.htm?isbn=9788411598330<\/a><\/p>\n\n\n\n<p class=\"has-text-align-center\"><a href=\"https:\/\/enricgine.com\" target=\"_blank\" rel=\"noreferrer noopener\"><strong>Return<\/strong><\/a><\/p>\n","protected":false},"excerpt":{"rendered":"<p>Versi\u00f3 Catalana Aqu\u00ed baix, tens el n\u00famero d&#8217;ISBN &nbsp;&nbsp;&nbsp;&nbsp;&nbsp;&nbsp;&nbsp;&nbsp;&nbsp;&nbsp;&nbsp;&nbsp;&nbsp;&nbsp;&nbsp;&nbsp;&nbsp;&nbsp; Hola, la meva intenci\u00f3 \u00e9s com puc contribuir o ajudar, o donar algunes idees o estrat\u00e8gies, per poder redre\u00e7ar la societat on vivim. &nbsp;&nbsp;&nbsp;&nbsp;&nbsp;&nbsp;&nbsp;&nbsp;&nbsp;&nbsp;&nbsp;&nbsp;&nbsp;&nbsp;&nbsp;&nbsp; S\u00f3c m\u00fasic i tamb\u00e9 he escrit dos &hellip; <a href=\"https:\/\/enricgine.com\/?page_id=324\">Sigue leyendo <span class=\"meta-nav\">&rarr;<\/span><\/a><\/p>\n","protected":false},"author":1,"featured_media":0,"parent":0,"menu_order":0,"comment_status":"closed","ping_status":"closed","template":"","meta":{"footnotes":""},"class_list":["post-324","page","type-page","status-publish","hentry"],"_links":{"self":[{"href":"https:\/\/enricgine.com\/index.php?rest_route=\/wp\/v2\/pages\/324"}],"collection":[{"href":"https:\/\/enricgine.com\/index.php?rest_route=\/wp\/v2\/pages"}],"about":[{"href":"https:\/\/enricgine.com\/index.php?rest_route=\/wp\/v2\/types\/page"}],"author":[{"embeddable":true,"href":"https:\/\/enricgine.com\/index.php?rest_route=\/wp\/v2\/users\/1"}],"replies":[{"embeddable":true,"href":"https:\/\/enricgine.com\/index.php?rest_route=%2Fwp%2Fv2%2Fcomments&post=324"}],"version-history":[{"count":27,"href":"https:\/\/enricgine.com\/index.php?rest_route=\/wp\/v2\/pages\/324\/revisions"}],"predecessor-version":[{"id":483,"href":"https:\/\/enricgine.com\/index.php?rest_route=\/wp\/v2\/pages\/324\/revisions\/483"}],"wp:attachment":[{"href":"https:\/\/enricgine.com\/index.php?rest_route=%2Fwp%2Fv2%2Fmedia&parent=324"}],"curies":[{"name":"wp","href":"https:\/\/api.w.org\/{rel}","templated":true}]}}